{"id":69,"date":"2015-12-22T16:39:40","date_gmt":"2015-12-22T15:39:40","guid":{"rendered":"http:\/\/sanktuariummrzyglod.pl\/v2\/?page_id=69"},"modified":"2016-02-16T13:21:45","modified_gmt":"2016-02-16T12:21:45","slug":"chorek-dzieciecy","status":"publish","type":"page","link":"http:\/\/sanktuariummrzyglod.pl\/?page_id=69","title":{"rendered":"DZIECI\u0118CY CH\u00d3REK PARAFIALNY"},"content":{"rendered":"<p>&nbsp;<\/p>\n<p><a href=\"http:\/\/sanktuariummrzyglod.pl\/wp-content\/uploads\/2015\/12\/ak-1.jpg\" rel=\"attachment wp-att-479\"><img loading=\"lazy\" decoding=\"async\" class=\"aligncenter size-full wp-image-479\" src=\"http:\/\/sanktuariummrzyglod.pl\/wp-content\/uploads\/2015\/12\/ak-1.jpg\" alt=\"ak\" width=\"262\" height=\"191\" \/><\/a><\/p>\n<p><strong><em>&#8222;Chwalcie Pana wszystkie narody, wys\u0142awiajcie go wszystkie Ludy, albowiem \u0142aska Jego jest mo\u017cna nad nami, a wierno\u015b\u0107 Jego trwa na wieki! Alleluja&#8221;<\/em><\/strong><\/p>\n<p>W ten spos\u00f3b dzieci oddawa\u0142y chwa\u0142\u0119 Stw\u00f3rcy za wielk\u0105 mi\u0142o\u015b\u0107 okazan\u0105 nam w Jezusie Chrystusie. T\u0105 rado\u015bci\u0105 dzieci z naszej parafii, kt\u00f3re nale\u017c\u0105 do dzieci\u0119cego ch\u00f3rku parafialnego dziel\u0105 si\u0119 podczas niedzielnych Eucharystii.<\/p>\n<p>Du\u017cy wk\u0142ad w prac\u0119 ch\u00f3rku w poszczeg\u00f3lnych latach wni\u00f3s\u0142 Pan Organista Piotr Jastrz\u0105bek.<\/p>\n<p>Wierzymy, \u017ce B\u00f3g pozwoli nam nadal \u015bpiewa\u0107, by w ten spos\u00f3b oddawa\u0107 Mu chwa\u0142\u0119.<\/p>\n<p><strong>&#8222;Chwalcie Pana, Albowiem dobrze jest \u015bpiewa\u0107 Bogu naszemu, Bo to wdzi\u0119czna rzecz ;pie\u015b\u0144 chwa\u0142y jest mi\u0142a&#8221;<\/strong><br \/>\nCh\u00f3rek dzieci\u0119cy prowadzi \u015bpiew podczas Mszy z udzia\u0142em dzieci w ka\u017cd\u0105 niedziel\u0119 o godz. 11:30. Wcze\u015bniej mali \u015bpiewacy przygotowuj\u0105 si\u0119 na pr\u00f3bach.<\/p>\n<p>PR\u00d3BY\u00a0 &#8211; SOBOTA GODZ 10.15<\/p>\n<p>Wymagania dla dzieci, kt\u00f3re chcia\u0142yby \u015bpiewa\u0107 w ch\u00f3rku: ch\u0119ci, przynajmniej minimalny talent muzyczny i umiej\u0119tno\u015b\u0107 czytania.<\/p>\n<p>NASZE \u015aPIEWACZKI:<\/p>\n<p>Milenka Dziedzic<\/p>\n<p>Natalia Wito\u0144<\/p>\n<p>Wiktoria Werner<\/p>\n<p>Ewa Bor\u00f3wka<\/p>\n<p>Natalia Gruszka<\/p>\n<p>Marysia Kuras<\/p>\n<p>Julia Bulska<\/p>\n<p>Weronika Rutkowska<\/p>\n<p>Madzia Migda\u0142<\/p>\n<p>Oliwia Kubat<\/p>\n<p>&nbsp;<\/p>\n<p><strong><em>\u201eKto \u015bpiewa dwa razy si\u0119 modli\u201d<\/em><\/strong><\/p>\n<p>&nbsp;<\/p>\n<p>&nbsp;<\/p>\n","protected":false},"excerpt":{"rendered":"<p>&nbsp; &#8222;Chwalcie Pana wszystkie narody, wys\u0142awiajcie go wszystkie Ludy, albowiem \u0142aska Jego jest mo\u017cna nad nami, a wierno\u015b\u0107 Jego trwa na wieki! Alleluja&#8221; W ten spos\u00f3b dzieci oddawa\u0142y chwa\u0142\u0119 Stw\u00f3rcy za wielk\u0105 mi\u0142o\u015b\u0107 okazan\u0105 nam w Jezusie Chrystusie. T\u0105 rado\u015bci\u0105 dzieci z naszej parafii, kt\u00f3re nale\u017c\u0105 do dzieci\u0119cego ch\u00f3rku parafialnego dziel\u0105 si\u0119 podczas niedzielnych Eucharystii. [&hellip;]<\/p>\n","protected":false},"author":1,"featured_media":0,"parent":0,"menu_order":0,"comment_status":"closed","ping_status":"closed","template":"","meta":{"_acf_changed":false,"footnotes":""},"class_list":["post-69","page","type-page","status-publish","hentry"],"acf":[],"yoast_head":"<!-- This site is optimized with the Yoast SEO plugin v26.3 - https:\/\/yoast.com\/wordpress\/plugins\/seo\/ -->\n<title>DZIECI\u0118CY CH\u00d3REK PARAFIALNY - Sanktuarium Matki Bo\u017cej Mrzyg\u0142odzkiej<\/title>\n<meta name=\"robots\" content=\"index, follow, max-snippet:-1, max-image-preview:large, max-video-preview:-1\" \/>\n<link rel=\"canonical\" href=\"http:\/\/sanktuariummrzyglod.pl\/?page_id=69\" \/>\n<meta property=\"og:locale\" content=\"pl_PL\" \/>\n<meta property=\"og:type\" content=\"article\" \/>\n<meta property=\"og:title\" content=\"DZIECI\u0118CY CH\u00d3REK PARAFIALNY - Sanktuarium Matki Bo\u017cej Mrzyg\u0142odzkiej\" \/>\n<meta property=\"og:description\" content=\"&nbsp; &#8222;Chwalcie Pana wszystkie narody, wys\u0142awiajcie go wszystkie Ludy, albowiem \u0142aska Jego jest mo\u017cna nad nami, a wierno\u015b\u0107 Jego trwa na wieki! Alleluja&#8221; W ten spos\u00f3b dzieci oddawa\u0142y chwa\u0142\u0119 Stw\u00f3rcy za wielk\u0105 mi\u0142o\u015b\u0107 okazan\u0105 nam w Jezusie Chrystusie. T\u0105 rado\u015bci\u0105 dzieci z naszej parafii, kt\u00f3re nale\u017c\u0105 do dzieci\u0119cego ch\u00f3rku parafialnego dziel\u0105 si\u0119 podczas niedzielnych Eucharystii. [&hellip;]\" \/>\n<meta property=\"og:url\" content=\"http:\/\/sanktuariummrzyglod.pl\/?page_id=69\" \/>\n<meta property=\"og:site_name\" content=\"Sanktuarium Matki Bo\u017cej Mrzyg\u0142odzkiej\" \/>\n<meta property=\"article:modified_time\" content=\"2016-02-16T12:21:45+00:00\" \/>\n<meta property=\"og:image\" content=\"http:\/\/sanktuariummrzyglod.pl\/wp-content\/uploads\/2015\/12\/ak-1.jpg\" \/>\n<meta name=\"twitter:card\" content=\"summary_large_image\" \/>\n<meta name=\"twitter:label1\" content=\"Szacowany czas czytania\" \/>\n\t<meta name=\"twitter:data1\" content=\"1 minuta\" \/>\n<script type=\"application\/ld+json\" class=\"yoast-schema-graph\">{\"@context\":\"https:\/\/schema.org\",\"@graph\":[{\"@type\":\"WebPage\",\"@id\":\"http:\/\/sanktuariummrzyglod.pl\/?page_id=69\",\"url\":\"http:\/\/sanktuariummrzyglod.pl\/?page_id=69\",\"name\":\"DZIECI\u0118CY CH\u00d3REK PARAFIALNY - Sanktuarium Matki Bo\u017cej Mrzyg\u0142odzkiej\",\"isPartOf\":{\"@id\":\"http:\/\/sanktuariummrzyglod.pl\/#website\"},\"primaryImageOfPage\":{\"@id\":\"http:\/\/sanktuariummrzyglod.pl\/?page_id=69#primaryimage\"},\"image\":{\"@id\":\"http:\/\/sanktuariummrzyglod.pl\/?page_id=69#primaryimage\"},\"thumbnailUrl\":\"http:\/\/sanktuariummrzyglod.pl\/wp-content\/uploads\/2015\/12\/ak-1.jpg\",\"datePublished\":\"2015-12-22T15:39:40+00:00\",\"dateModified\":\"2016-02-16T12:21:45+00:00\",\"breadcrumb\":{\"@id\":\"http:\/\/sanktuariummrzyglod.pl\/?page_id=69#breadcrumb\"},\"inLanguage\":\"pl-PL\",\"potentialAction\":[{\"@type\":\"ReadAction\",\"target\":[\"http:\/\/sanktuariummrzyglod.pl\/?page_id=69\"]}]},{\"@type\":\"ImageObject\",\"inLanguage\":\"pl-PL\",\"@id\":\"http:\/\/sanktuariummrzyglod.pl\/?page_id=69#primaryimage\",\"url\":\"http:\/\/sanktuariummrzyglod.pl\/wp-content\/uploads\/2015\/12\/ak-1.jpg\",\"contentUrl\":\"http:\/\/sanktuariummrzyglod.pl\/wp-content\/uploads\/2015\/12\/ak-1.jpg\"},{\"@type\":\"BreadcrumbList\",\"@id\":\"http:\/\/sanktuariummrzyglod.pl\/?page_id=69#breadcrumb\",\"itemListElement\":[{\"@type\":\"ListItem\",\"position\":1,\"name\":\"Strona g\u0142\u00f3wna\",\"item\":\"http:\/\/sanktuariummrzyglod.pl\/\"},{\"@type\":\"ListItem\",\"position\":2,\"name\":\"DZIECI\u0118CY CH\u00d3REK PARAFIALNY\"}]},{\"@type\":\"WebSite\",\"@id\":\"http:\/\/sanktuariummrzyglod.pl\/#website\",\"url\":\"http:\/\/sanktuariummrzyglod.pl\/\",\"name\":\"Sanktuarium Matki Bo\u017cej Mrzyg\u0142odzkiej\",\"description\":\"Kolejna witryna oparta na WordPressie\",\"potentialAction\":[{\"@type\":\"SearchAction\",\"target\":{\"@type\":\"EntryPoint\",\"urlTemplate\":\"http:\/\/sanktuariummrzyglod.pl\/?s={search_term_string}\"},\"query-input\":{\"@type\":\"PropertyValueSpecification\",\"valueRequired\":true,\"valueName\":\"search_term_string\"}}],\"inLanguage\":\"pl-PL\"}]}<\/script>\n<!-- \/ Yoast SEO plugin. -->","yoast_head_json":{"title":"DZIECI\u0118CY CH\u00d3REK PARAFIALNY - Sanktuarium Matki Bo\u017cej Mrzyg\u0142odzkiej","robots":{"index":"index","follow":"follow","max-snippet":"max-snippet:-1","max-image-preview":"max-image-preview:large","max-video-preview":"max-video-preview:-1"},"canonical":"http:\/\/sanktuariummrzyglod.pl\/?page_id=69","og_locale":"pl_PL","og_type":"article","og_title":"DZIECI\u0118CY CH\u00d3REK PARAFIALNY - Sanktuarium Matki Bo\u017cej Mrzyg\u0142odzkiej","og_description":"&nbsp; &#8222;Chwalcie Pana wszystkie narody, wys\u0142awiajcie go wszystkie Ludy, albowiem \u0142aska Jego jest mo\u017cna nad nami, a wierno\u015b\u0107 Jego trwa na wieki! Alleluja&#8221; W ten spos\u00f3b dzieci oddawa\u0142y chwa\u0142\u0119 Stw\u00f3rcy za wielk\u0105 mi\u0142o\u015b\u0107 okazan\u0105 nam w Jezusie Chrystusie. T\u0105 rado\u015bci\u0105 dzieci z naszej parafii, kt\u00f3re nale\u017c\u0105 do dzieci\u0119cego ch\u00f3rku parafialnego dziel\u0105 si\u0119 podczas niedzielnych Eucharystii. [&hellip;]","og_url":"http:\/\/sanktuariummrzyglod.pl\/?page_id=69","og_site_name":"Sanktuarium Matki Bo\u017cej Mrzyg\u0142odzkiej","article_modified_time":"2016-02-16T12:21:45+00:00","og_image":[{"url":"http:\/\/sanktuariummrzyglod.pl\/wp-content\/uploads\/2015\/12\/ak-1.jpg","type":"","width":"","height":""}],"twitter_card":"summary_large_image","twitter_misc":{"Szacowany czas czytania":"1 minuta"},"schema":{"@context":"https:\/\/schema.org","@graph":[{"@type":"WebPage","@id":"http:\/\/sanktuariummrzyglod.pl\/?page_id=69","url":"http:\/\/sanktuariummrzyglod.pl\/?page_id=69","name":"DZIECI\u0118CY CH\u00d3REK PARAFIALNY - Sanktuarium Matki Bo\u017cej Mrzyg\u0142odzkiej","isPartOf":{"@id":"http:\/\/sanktuariummrzyglod.pl\/#website"},"primaryImageOfPage":{"@id":"http:\/\/sanktuariummrzyglod.pl\/?page_id=69#primaryimage"},"image":{"@id":"http:\/\/sanktuariummrzyglod.pl\/?page_id=69#primaryimage"},"thumbnailUrl":"http:\/\/sanktuariummrzyglod.pl\/wp-content\/uploads\/2015\/12\/ak-1.jpg","datePublished":"2015-12-22T15:39:40+00:00","dateModified":"2016-02-16T12:21:45+00:00","breadcrumb":{"@id":"http:\/\/sanktuariummrzyglod.pl\/?page_id=69#breadcrumb"},"inLanguage":"pl-PL","potentialAction":[{"@type":"ReadAction","target":["http:\/\/sanktuariummrzyglod.pl\/?page_id=69"]}]},{"@type":"ImageObject","inLanguage":"pl-PL","@id":"http:\/\/sanktuariummrzyglod.pl\/?page_id=69#primaryimage","url":"http:\/\/sanktuariummrzyglod.pl\/wp-content\/uploads\/2015\/12\/ak-1.jpg","contentUrl":"http:\/\/sanktuariummrzyglod.pl\/wp-content\/uploads\/2015\/12\/ak-1.jpg"},{"@type":"BreadcrumbList","@id":"http:\/\/sanktuariummrzyglod.pl\/?page_id=69#breadcrumb","itemListElement":[{"@type":"ListItem","position":1,"name":"Strona g\u0142\u00f3wna","item":"http:\/\/sanktuariummrzyglod.pl\/"},{"@type":"ListItem","position":2,"name":"DZIECI\u0118CY CH\u00d3REK PARAFIALNY"}]},{"@type":"WebSite","@id":"http:\/\/sanktuariummrzyglod.pl\/#website","url":"http:\/\/sanktuariummrzyglod.pl\/","name":"Sanktuarium Matki Bo\u017cej Mrzyg\u0142odzkiej","description":"Kolejna witryna oparta na WordPressie","potentialAction":[{"@type":"SearchAction","target":{"@type":"EntryPoint","urlTemplate":"http:\/\/sanktuariummrzyglod.pl\/?s={search_term_string}"},"query-input":{"@type":"PropertyValueSpecification","valueRequired":true,"valueName":"search_term_string"}}],"inLanguage":"pl-PL"}]}},"_links":{"self":[{"href":"http:\/\/sanktuariummrzyglod.pl\/index.php?rest_route=\/wp\/v2\/pages\/69","targetHints":{"allow":["GET"]}}],"collection":[{"href":"http:\/\/sanktuariummrzyglod.pl\/index.php?rest_route=\/wp\/v2\/pages"}],"about":[{"href":"http:\/\/sanktuariummrzyglod.pl\/index.php?rest_route=\/wp\/v2\/types\/page"}],"author":[{"embeddable":true,"href":"http:\/\/sanktuariummrzyglod.pl\/index.php?rest_route=\/wp\/v2\/users\/1"}],"replies":[{"embeddable":true,"href":"http:\/\/sanktuariummrzyglod.pl\/index.php?rest_route=%2Fwp%2Fv2%2Fcomments&post=69"}],"version-history":[{"count":3,"href":"http:\/\/sanktuariummrzyglod.pl\/index.php?rest_route=\/wp\/v2\/pages\/69\/revisions"}],"predecessor-version":[{"id":480,"href":"http:\/\/sanktuariummrzyglod.pl\/index.php?rest_route=\/wp\/v2\/pages\/69\/revisions\/480"}],"wp:attachment":[{"href":"http:\/\/sanktuariummrzyglod.pl\/index.php?rest_route=%2Fwp%2Fv2%2Fmedia&parent=69"}],"curies":[{"name":"wp","href":"https:\/\/api.w.org\/{rel}","templated":true}]}}

DZIECIĘCY CHÓREK PARAFIALNY

<p>&nbsp;</p>
<p><a href="http://sanktuariummrzyglod.pl/wp-content/uploads/2015/12/ak-1.jpg" rel="attachment wp-att-479"><img loading="lazy" decoding="async" class="aligncenter size-full wp-image-479" src="http://sanktuariummrzyglod.pl/wp-content/uploads/2015/12/ak-1.jpg" alt="ak" width="262" height="191" /></a></p>
<p><strong><em>&#8222;Chwalcie Pana wszystkie narody, wysławiajcie go wszystkie Ludy, albowiem łaska Jego jest można nad nami, a wierność Jego trwa na wieki! Alleluja&#8221;</em></strong></p>
<p>W ten sposób dzieci oddawały chwałę Stwórcy za wielką miłość okazaną nam w Jezusie Chrystusie. Tą radością dzieci z naszej parafii, które należą do dziecięcego chórku parafialnego dzielą się podczas niedzielnych Eucharystii.</p>
<p>Duży wkład w pracę chórku w poszczególnych latach wniósł Pan Organista Piotr Jastrząbek.</p>
<p>Wierzymy, że Bóg pozwoli nam nadal śpiewać, by w ten sposób oddawać Mu chwałę.</p>
<p><strong>&#8222;Chwalcie Pana, Albowiem dobrze jest śpiewać Bogu naszemu, Bo to wdzięczna rzecz ;pieśń chwały jest miła&#8221;</strong><br />
Chórek dziecięcy prowadzi śpiew podczas Mszy z udziałem dzieci w każdą niedzielę o godz. 11:30. Wcześniej mali śpiewacy przygotowują się na próbach.</p>
<p>PRÓBY  &#8211; SOBOTA GODZ 10.15</p>
<p>Wymagania dla dzieci, które chciałyby śpiewać w chórku: chęci, przynajmniej minimalny talent muzyczny i umiejętność czytania.</p>
<p>NASZE ŚPIEWACZKI:</p>
<p>Milenka Dziedzic</p>
<p>Natalia Witoń</p>
<p>Wiktoria Werner</p>
<p>Ewa Borówka</p>
<p>Natalia Gruszka</p>
<p>Marysia Kuras</p>
<p>Julia Bulska</p>
<p>Weronika Rutkowska</p>
<p>Madzia Migdał</p>
<p>Oliwia Kubat</p>
<p>&nbsp;</p>
<p><strong><em>„Kto śpiewa dwa razy się modli”</em></strong></p>
<p>&nbsp;</p>
<p>&nbsp;</p>

<p>&nbsp; &#8222;Chwalcie Pana wszystkie narody, wysławiajcie go wszystkie Ludy, albowiem łaska Jego jest można nad nami, a wierność Jego trwa na wieki! Alleluja&#8221; W ten sposób dzieci oddawały chwałę Stwórcy za wielką miłość okazaną nam w Jezusie Chrystusie. Tą radością dzieci z naszej parafii, które należą do dziecięcego chórku parafialnego dzielą się podczas niedzielnych Eucharystii. [&hellip;]</p>

<!-- This site is optimized with the Yoast SEO plugin v26.3 - https://yoast.com/wordpress/plugins/seo/ -->
<title>DZIECIĘCY CHÓREK PARAFIALNY - Sanktuarium Matki Bożej Mrzygłodzkiej</title>
<meta name="robots" content="index, follow, max-snippet:-1, max-image-preview:large, max-video-preview:-1" />
<link rel="canonical" href="http://sanktuariummrzyglod.pl/?page_id=69" />
<meta property="og:locale" content="pl_PL" />
<meta property="og:type" content="article" />
<meta property="og:title" content="DZIECIĘCY CHÓREK PARAFIALNY - Sanktuarium Matki Bożej Mrzygłodzkiej" />
<meta property="og:description" content="&nbsp; &#8222;Chwalcie Pana wszystkie narody, wysławiajcie go wszystkie Ludy, albowiem łaska Jego jest można nad nami, a wierność Jego trwa na wieki! Alleluja&#8221; W ten sposób dzieci oddawały chwałę Stwórcy za wielką miłość okazaną nam w Jezusie Chrystusie. Tą radością dzieci z naszej parafii, które należą do dziecięcego chórku parafialnego dzielą się podczas niedzielnych Eucharystii. [&hellip;]" />
<meta property="og:url" content="http://sanktuariummrzyglod.pl/?page_id=69" />
<meta property="og:site_name" content="Sanktuarium Matki Bożej Mrzygłodzkiej" />
<meta property="article:modified_time" content="2016-02-16T12:21:45+00:00" />
<meta property="og:image" content="http://sanktuariummrzyglod.pl/wp-content/uploads/2015/12/ak-1.jpg" />
<meta name="twitter:card" content="summary_large_image" />
<meta name="twitter:label1" content="Szacowany czas czytania" />
	<meta name="twitter:data1" content="1 minuta" />
<script type="application/ld+json" class="yoast-schema-graph">{"@context":"https://schema.org","@graph":[{"@type":"WebPage","@id":"http://sanktuariummrzyglod.pl/?page_id=69","url":"http://sanktuariummrzyglod.pl/?page_id=69","name":"DZIECIĘCY CHÓREK PARAFIALNY - Sanktuarium Matki Bożej Mrzygłodzkiej","isPartOf":{"@id":"http://sanktuariummrzyglod.pl/#website"},"primaryImageOfPage":{"@id":"http://sanktuariummrzyglod.pl/?page_id=69#primaryimage"},"image":{"@id":"http://sanktuariummrzyglod.pl/?page_id=69#primaryimage"},"thumbnailUrl":"http://sanktuariummrzyglod.pl/wp-content/uploads/2015/12/ak-1.jpg","datePublished":"2015-12-22T15:39:40+00:00","dateModified":"2016-02-16T12:21:45+00:00","breadcrumb":{"@id":"http://sanktuariummrzyglod.pl/?page_id=69#breadcrumb"},"inLanguage":"pl-PL","potentialAction":[{"@type":"ReadAction","target":["http://sanktuariummrzyglod.pl/?page_id=69"]}]},{"@type":"ImageObject","inLanguage":"pl-PL","@id":"http://sanktuariummrzyglod.pl/?page_id=69#primaryimage","url":"http://sanktuariummrzyglod.pl/wp-content/uploads/2015/12/ak-1.jpg","contentUrl":"http://sanktuariummrzyglod.pl/wp-content/uploads/2015/12/ak-1.jpg"},{"@type":"BreadcrumbList","@id":"http://sanktuariummrzyglod.pl/?page_id=69#breadcrumb","itemListElement":[{"@type":"ListItem","position":1,"name":"Strona główna","item":"http://sanktuariummrzyglod.pl/"},{"@type":"ListItem","position":2,"name":"DZIECIĘCY CHÓREK PARAFIALNY"}]},{"@type":"WebSite","@id":"http://sanktuariummrzyglod.pl/#website","url":"http://sanktuariummrzyglod.pl/","name":"Sanktuarium Matki Bożej Mrzygłodzkiej","description":"Kolejna witryna oparta na WordPressie","potentialAction":[{"@type":"SearchAction","target":{"@type":"EntryPoint","urlTemplate":"http://sanktuariummrzyglod.pl/?s={search_term_string}"},"query-input":{"@type":"PropertyValueSpecification","valueRequired":true,"valueName":"search_term_string"}}],"inLanguage":"pl-PL"}]}</script>
<!-- / Yoast SEO plugin. -->

DZIECIĘCY CHÓREK PARAFIALNY - Sanktuarium Matki Bożej Mrzygłodzkiej

&nbsp; &#8222;Chwalcie Pana wszystkie narody, wysławiajcie go wszystkie Ludy, albowiem łaska Jego jest można nad nami, a wierność Jego trwa na wieki! Alleluja&#8221; W ten sposób dzieci oddawały chwałę Stwórcy za wielką miłość okazaną nam w Jezusie Chrystusie. Tą radością dzieci z naszej parafii, które należą do dziecięcego chórku parafialnego dzielą się podczas niedzielnych Eucharystii. [&hellip;]

Sanktuarium Matki Bożej Mrzygłodzkiej

Strona główna
